2275 and 19821165?
455
What is the highest common divisor of 5130132 and 351267?
8169
Calculate the greatest common factor of 7739144 and 6.
2
What is the highest common factor of 5047488 and 22080?
4416
What is the greatest common factor of 441396112 and 4?
4
What is the highest common factor of 379891 and 966?
23
Calculate the highest common divisor of 90 and 442852065.
45
What is the highest common factor of 53 and 315008839?
53
Calculate the highest common factor of 13189950 and 750.
150
Calculate the highest common divisor of 11541 and 12468127.
3847
What is the greatest common divisor of 161 and 8054683?
7
What is the greatest common divisor of 1980 and 6063300?
180
What is the greatest common divisor of 115514 and 4059938?
446
What is the greatest common factor of 813 and 247976653?
271
What is the highest common factor of 1266075 and 467703?
2979
Calculate the greatest common factor of 1151620 and 1955340.
1420
Calculate the highest common factor of 14 and 1162833.
7
What is the greatest common factor of 81 and 316503774?
81
Calculate the highest common factor of 178772619 and 579.
579
What is the greatest common factor of 337548 and 9108?
276
Calculate the highest common divisor of 1209584 and 204.
68
What is the highest common factor of 20443730 and 2490?
830
What is the greatest common divisor of 87332033 and 331?
331
What is the highest common divisor of 169556 and 547308?
92
Calculate the highest common factor of 6392 and 520981558.
1598
Calculate the greatest common divisor of 848176 and 7280.
112
What is the greatest common factor of 142720 and 34738940?
4460
Calculate the highest common divisor of 9675543 and 54.
3
Calculate the highest common factor of 8110384 and 16.
16
Calculate the greatest common factor of 69 and 81698622.
69
What is the highest common divisor of 49416 and 2627?
71
What is the greatest common divisor of 1546564 and 64?
4
What is the highest common factor of 130 and 192520800?
10
Calculate the highest common divisor of 652056 and 4545.
303
Calculate the greatest common divisor of 32 and 623139360.
32
What is the highest common divisor of 21012 and 7972303?
1751
Calculate the highest common factor of 163 and 34740353.
163
Calculate the highest common factor of 19350 and 896589990.
3870
Calculate the highest common divisor of 101642775 and 650.
325
What is the highest common divisor of 26906 and 219054?
22
What is the highest common factor of 196 and 601229755?
49
Calculate the highest common divisor of 60945 and 3840969.
717
Calculate the highest common factor of 24 and 101712444.
12
Calculate the greatest common factor of 40 and 158104.
8
Calculate the highest common factor of 5776 and 18240.
304
Calculate the highest common divisor of 637 and 484978.
13
Calculate the greatest common divisor of 1292 and 37887140.
76
Calculate the highest common divisor of 3438 and 179329518.
3438
What is the greatest common factor of 1600694 and 2007?
223
What is the greatest common divisor of 688 and 1134598?
86
Calculate the greatest common divisor of 85120 and 2256744.
1064
What is the greatest common factor of 800 and 1270960?
80
Calculate the highest common divisor of 1937332 and 35916.
164
Calculate the greatest common divisor of 1848 and 189955227.
231
Calculate the highest common factor of 9318607 and 95.
19
What is the greatest common factor of 26076 and 109423588?
8692
What is the highest common factor of 527668 and 158772?
524
What is the highest common divisor of 4243116 and 1267636?
4076
What is the greatest common divisor of 275 and 3775325?
25
What is the greatest common divisor of 66 and 10901594?
22
Calculate the greatest common divisor of 100507 and 329142.
11
What is the highest common factor of 1014 and 437879?
169
What is the highest common factor of 46321088 and 12122?
418
Calculate the greatest common divisor of 275 and 1708355.
55
Calculate the highest common divisor of 36481366 and 134.
134
What is the greatest common divisor of 259210 and 456190?
490
What is the greatest common divisor of 165102976 and 60?
4
What is the highest common divisor of 5760 and 496547712?
1152
What is the greatest common factor of 351203172 and 3228?
3228
What is the highest common divisor of 5375 and 7369250?
125
What is the highest common factor of 270927 and 68634?
9
What is the greatest common divisor of 5850 and 3407175?
225
What is the highest common divisor of 1573592 and 88?
8
What is the highest common divisor of 692742 and 27657?
1317
What is the highest common factor of 17 and 5244342937?
17
Calculate the highest common divisor of 18597062 and 176.
22
Calculate the greatest common divisor of 1688 and 213848.
8
Calculate the highest common divisor of 117 and 73032739.
13
What is the greatest common divisor of 12 and 101971524?
12
Calculate the highest common factor of 1334 and 18508148.
58
Calculate the highest common factor of 4576 and 34487024.
2288
Calculate the highest common factor of 848904 and 6552.
168
What is the highest common factor of 5068188 and 392058?
414
Calculate the greatest common factor of 6060752 and 48.
16
Calculate the highest common divisor of 247 and 42190798.
13
What is the highest common divisor of 8 and 122051?
1
Calculate the highest common divisor of 3078 and 65324166.
114
Calculate the highest common divisor of 607431 and 99.
33
What is the highest common factor of 208 and 1945684?
52
Calculate the highest common factor of 132791722 and 335.
67
Calculate the highest common factor of 12036475 and 48400.
3025
What is the highest common factor of 791 and 616203?
7
Calculate the highest common factor of 9927 and 23013.
9
Calculate the highest common divisor of 9133 and 5247264687.
9133
What is the greatest common factor of 1492 and 18206876?
1492
Calculate the highest common divisor of 445400 and 8075.
425
What is the greatest common divisor of 39 and 4875559?
13
Calculate the highest common divisor of 1831 and 211.
1
Calculate the highest common factor of 3464675 and 1600.
25
What is the highest common factor of 14014894 and 94486?
794
What is the greatest common divisor of 10387138 and 1442?
206
Calculate the highest common factor of 29588659 and 487.
487
Calculate the highest common divisor of 15 and 3071265.
15
Calculate the greatest common divisor of 9 and 1204796.
1
Calculate the highest common divisor of 5925931 and 77.
11
Calculate the greatest common divisor of 4608 and 2902016.
512
What is the greatest common divisor of 4151387 and 12596?
67
What is the greatest common divisor of 58661964 and 19300?
772
Calculate the greatest common factor of 3780 and 2211732.
108
What is the greatest common factor of 351903615 and 861?
861
What is the greatest common divisor of 74856 and 57576?
24
Calculate the greatest common divisor of 240883470 and 81.
81
Calculate the greatest common divisor of 1351616 and 431.
431
Calculate the highest common divisor of 35 and 22902768.
7
Calculate the greatest common divisor of 3940 and 1657558.
394
Calculate the greatest common factor of 206475 and 7818.
3
What is the greatest common factor of 10336735 and 1070?
535
Calculate the greatest common factor of 1491797700 and 4685.
4685
What is the greatest common factor of 105 and 30688275?
15
What is the highest common divisor of 330505 and 21650405?
4655
Calculate the highest common factor of 4949151 and 65313.
123
Calculate the highest common divisor of 200 and 58630.
10
Calculate the highest common divisor of 16136 and 4000.
8
Calculate the greatest common factor of 51498 and 16034.
2
Calculate the highest common factor of 8706020 and 9940.
1420
What is the highest common divisor of 184977 and 121179?
93
Calculate the highest common divisor of 3345 and 21796689.
669
Calculate the highest common divisor of 269625 and 2741547.
2157
What is the highest common divisor of 4248230 and 5440?
10
Calculate the greatest common factor of 312 and 38288328.
312
Calculate the greatest common factor of 94 and 43201.
1
What is the greatest common divisor of 85982 and 59644?
26
What is the greatest common factor of 6723369 and 63379?
1039
Calculate the greatest common factor of 315 and 114120.
45
What is the greatest common divisor of 10490 and 858670?
10
What is the greatest common factor of 763618 and 2?
2
Calcu